
Suppose 4*u - u - 5*n = 59, 2*u - 42 = 4*n. Let f = u - -6. What is the tens digit of f?
1
Let y(i) = 3*i**2 - 5*i - 36. What is the hundreds digit of y(-8)?
1
Let q(b) = -b**3 + 9*b**2 - 15*b + 2. Let t be q(7). What is the tens digit of (-13 - -1)*(t - -1)?
4
Suppose -y + 2*y = 35. Let s = -23 + y. What is the units digit of s?
2
Let r = -47 - -65. What is the tens digit of r?
1
Suppose -3*l + 18 + 30 = 0. Let b = -12 + 22. Let u = l - b. What is the units digit of u?
6
Let z(d) = 56*d - 1. Let q be z(2). Suppose -4*b + 3*r + 54 = -b, 0 = -5*b - 2*r + q. Let h = 36 - b. What is the tens digit of h?
1
Let f(p) = -p**3 - 2*p**2 + 2*p - 1. Let g be f(-3). Let y = 1 - 1. Let l = g + y. What is the units digit of l?
2
Suppose 4*c - 33 = 3*c. What is the tens digit of c?
3
Let l(a) = -13*a**3 + 29*a**2 - 4*a + 25. Let b(s) = 3*s**3 - 7*s**2 + s - 6. Let h(n) = -9*b(n) - 2*l(n). What is the units digit of h(4)?
6
Let c(p) = p**3 + p**2 + 5*p + 6. Let d be c(-3). Let n = d - -45. What is the units digit of n?
8
Let b(v) = -v**2 + 17*v - 7. What is the tens digit of b(8)?
6
Let y be -7 + 1*(-3 + 1). Suppose 2*a - 26 - 16 = 0. Let j = y + a. What is the units digit of j?
2
What is the tens digit of (-2 + 4)/((-2)/(-11))?
1
Suppose 5*y = 347 + 3. What is the tens digit of y?
7
Suppose -4*d + 29 + 11 = 0. Let m = 11 - 4. Let g = d - m. What is the units digit of g?
3
Suppose 4*o = -z + 10, -4*o + 19 + 15 = 5*z. Let g(f) = -3*f + 5*f**2 + 4*f + 4*f - z - f**3 + 0*f**3. What is the tens digit of g(5)?
1
Let p(k) = 2*k**2 + 2*k + 7. What is the units digit of p(-6)?
7
Let q = -32 - -22. Let l = 38 + q. Suppose -3*k + 5*n - n + l = 0, 0 = 3*k + 3*n - 21. What is the units digit of k?
8
What is the units digit of 0 + 0 - (-3 - 3)?
6
Suppose 802 = 5*d + 62. What is the hundreds digit of d?
1
Let o = 47 - 28. What is the units digit of o?
9
Let w(q) = q**2 - 2*q + 2. Let g be w(2). Suppose g*y - 32 = -3*p - 2*y, y + 36 = 2*p. What is the units digit of p?
6
Let q be ((-1)/3)/((-2)/84). Let p be (376/6)/((-10)/(-15)). Suppose 4*o + q = p. What is the tens digit of o?
2
Suppose -2*b - h + 261 = -184, h - 893 = -4*b. What is the units digit of b?
4
Let l = 32 + 23. What is the tens digit of l?
5
Suppose -2*r + 0 = 3*y + 1, -5*y = 5*r + 10. Suppose 8*h - 3*h - 37 = -y*u, 3*u + 19 = 2*h. What is the units digit of h?
8
Suppose x - 6 = 3*x. What is the tens digit of (3/6)/(x/(-174))?
2
Let c be 1/(-1 - (-36)/35). What is the units digit of ((-21)/c)/(2/(-30))?
9
Let p = -1 - 5. Let u(f) = -f**2 - 6*f + 8. What is the units digit of u(p)?
8
Suppose -5*t = -5, -a = -2*a - 3*t + 5. Suppose -d - d + 28 = a*f, -3*f + 5*d + 42 = 0. What is the tens digit of f?
1
Let y be (-2)/5 - 267/(-5). Suppose -4*a - 2*z = -64, a - 4*z + y = 4*a. What is the tens digit of a?
1
Let q be 7/(3 + -1 - 1). Let l(t) = -t**2 + 1 - q*t - 1 - 3 + 0. What is the units digit of l(-3)?
9
Suppose -5 = 2*v + 3. Let h = v - 2. Let a(u) = -u**3 - 5*u**2 + 4*u - 1. What is the tens digit of a(h)?
1
Let x(s) = 77*s - 7. What is the hundreds digit of x(3)?
2
Suppose 76 = 7*a - 197. What is the units digit of a?
9
Suppose -11*q = -14*q + 90. What is the units digit of q?
0
Suppose -3*d + a = -2*a - 222, -2*a = 0. What is the tens digit of d?
7
Let q(o) = o**2 - 2*o - 10. Let p = 21 + -13. Let j be q(p). Suppose -j = -4*m + 2. What is the units digit of m?
0
Let j = 98 + -68. Suppose -j = -5*s + 5*v, 5*s - 33 = 3*v - v. What is the units digit of 37/s + 2/(-7)?
5
Let s(w) be the third derivative of 7*w**6/120 - w**5/20 - w**4/24 + w**3/3 + 2*w**2. What is the units digit of s(2)?
4
Let x(l) = 12 - 13 + l + l. Let a be x(2). Suppose 0 = a*k - 8*k + 25. What is the units digit of k?
5
Suppose 0 = -4*q - 2*t - 3*t + 106, q + 5*t - 19 = 0. What is the tens digit of q?
2
Let d(w) = -3*w - 3. Let a = 5 - 8. What is the units digit of d(a)?
6
Let z(w) = 7*w - 45. What is the units digit of z(20)?
5
Suppose -3*h = -5*v - 16, 2*v + 3 + 7 = 3*h. Suppose -5*f = 2*g - 78, 2*f + 4*g - 14 = 14. What is the units digit of ((-2)/(-4))/(h/f)?
4
Let f = 25 - 18. Suppose 1 - f = -l. What is the units digit of l?
6
Let n = 134 + -65. What is the tens digit of n?
6
Suppose -46*w + 44*w + 244 = 0. What is the hundreds digit of w?
1
Let b(l) = l**3 - 2*l + 1. Let d be b(-2). Let z = 14 + d. What is the tens digit of z?
1
Suppose 5*f = 6*f - 40. What is the tens digit of f?
4
Let o be (2 + (3 - 5))*1. Suppose o*y = -2*y + 14. What is the units digit of y?
7
Let f be 228/(-15) - (-2)/10. Let n be (f/(-20))/(1/4). Let p = 13 - n. What is the units digit of p?
0
Suppose -a + 2*a = 9. Suppose -2*x = n - a - 11, 2*n - 2*x = 10. What is the tens digit of n?
1
Suppose 4*l = 12*l - 48. What is the units digit of l?
6
Suppose 25 + 2 = 3*z. What is the units digit of z?
9
Suppose 0 = -2*l - 0*l + 72. Suppose -3*w + l = w. What is the units digit of w?
9
Let k(x) = x**3 - x**2 - 7*x + 5. What is the units digit of k(6)?
3
Let n(o) be the first derivative of -4 + 4*o - 3/2*o**2. What is the units digit of n(-6)?
2
Let n(s) = -s**3 - 7*s**2 - 7*s - 1. Let w be n(-6). Let r be (w - 0)*(13 + -9). Suppose q = -q + r. What is the tens digit of q?
1
Let v = -91 - -165. What is the tens digit of v?
7
Let w be 4 - (1 - (-3 + 2)). Suppose 3*j + 2*j - 5*f - 10 = 0, -38 = -4*j - 2*f. Let v = w + j. What is the units digit of v?
9
Let u = 10 - 24. Let i = u + 8. Let d(q) = q**2 + 6*q + 4. What is the units digit of d(i)?
4
Let w = 6 - 2. Suppose -64 = -3*q - w. Suppose -k - q = -2*l, 0 = -5*l + k + 40 + 4. What is the units digit of l?
8
Suppose 5*r - 38 = -3. Let d = r - 3. What is the units digit of (2/d)/(1/12)?
6
Suppose 23*c - 30*c = -917. What is the hundreds digit of c?
1
Let v be 3/(-1) - (2 - 0). Let s(y) = -y**2 - 7*y - 4. Let u be s(v). Suppose -45 = p - u*p. What is the units digit of p?
9
Suppose -46 = -4*n + 38. What is the tens digit of n?
2
Suppose -4*q = -5*r + 16, -3*q + 17 = 2*q + 3*r. Suppose n - 1 - q = 0. What is the units digit of n?
2
Let l(p) = -p. Let i be l(6). What is the units digit of (-3)/i - (-101)/2?
1
Let k(i) be the second derivative of 0 - 2*i**2 - i - 1/6*i**3. What is the units digit of k(-5)?
1
What is the units digit of (-18)/(-12)*8/6?
2
Let i(y) = 4*y - 3. Let p be i(2). Suppose 2*n - 10 = 2*o + 4, -19 = -p*n - 3*o. What is the units digit of n?
5
Suppose 3*i + i - 12 = 0. Suppose f = -i*f + 84. What is the units digit of f?
1
Let n(r) = r**3 - r**2 - 3. Suppose 2*y + 8 + 2 = o, 20 = -3*o - 4*y. Let a be n(o). What is the units digit of a/(-2) - 1/2?
1
Let p(t) = 7 + 8 - 6 - t**3 + 2. What is the tens digit of p(0)?
1
Let i be 73/(2*2/4). Suppose -i - 5 = -6*c. What is the units digit of c?
3
Let w(s) = -s**2 - 8*s + 11. Let k be w(-9). Suppose 0 = l - k*l + 10. What is the units digit of l?
0
Suppose -y + 4 + 0 = 0. Suppose 3*k + 0*k + 36 = 2*f, y*k - 44 = -5*f. Suppose -5*j + f = -2*j. What is the units digit of j?
4
Suppose -4 = 2*f - 88. What is the tens digit of f?
4
Suppose 0 = -2*i + 7*i + 30. Let b be 1/3 - 514/i. What is the units digit of 4/18 + b/18?
5
Let a(b) = -5 - 3*b - 3*b + b + 2*b. Suppose 0 = -4*n - 12, -m + n - 1 = -0*n. What is the units digit of a(m)?
7
Suppose 18 = 4*s + 2. Suppose s*m - 29 = 39. Suppose -5*r - 7 = -m. What is the units digit of r?
2
What is the units digit of 4/(-3*(-4)/66)?
2
What is the tens digit of (-6)/1*(-8 - -3)?
3
Let b(x) = x**3 - 2*x**2 - 5*x + 4. Let i(p) = p + 9. Let c be i(-11). Let z = 6 + c. What is the tens digit of b(z)?
1
Let a(l) = -l + 3. Let j be a(-3). Let b(m) = -m**2 + 10*m - 5. What is the units digit of b(j)?
9
What is the hundreds digit of ((-3054)/(-8))/3 + 3/(-12)?
1
Let p(b) = b**2 + b + 1. Let q(x) = -6*x - 4. Let r(g) = p(g) + q(g). Let o be (21/6)/((-1)/(-2)). What is the tens digit of r(o)?
1
Suppose 5*f = 4*g + 3, 3*f + 11 = -0*f - 4*g. Let i(s) be the second derivative of -s**3/2 - s**2/2 - 4*s. What is the units digit of i(f)?
2
Suppose c = -21 + 67. What is the units digit of c?
6
Let g(v) = -v + 3. Let n be g(-5). Let h = -11 + n. What is the units digit of 1/(-3) - 13/h?
4
Suppose -2*h = -4, -2*b - 4*h + 44 = -0*b. What is the units digit of b?
8
Suppose 5*x = 148 - 13. Suppose 0 = 2*n + 9 - x. What is the units digit of n?
9